{"id":3601,"date":"2025-09-10T11:44:35","date_gmt":"2025-09-10T09:44:35","guid":{"rendered":"https:\/\/haarinstitut-hk.ch\/?page_id=3601"},"modified":"2025-09-10T12:13:24","modified_gmt":"2025-09-10T10:13:24","slug":"broschuere","status":"publish","type":"page","link":"https:\/\/haarinstitut-hk.ch\/index.php\/broschuere\/","title":{"rendered":"Brosch\u00fcre"},"content":{"rendered":"<p>[vc_row][vc_column width=&#8221;1\/2&#8243;][vc_empty_space]<div id=\"ultimate-heading-278269e2f7966ec19\" class=\"uvc-heading ult-adjust-bottom-margin ultimate-heading-278269e2f7966ec19 uvc-2327 accent-subtitle-color uvc-heading-default-font-sizes\" data-hspacer=\"no_spacer\"  data-halign=\"left\" style=\"text-align:left\"><div class=\"uvc-heading-spacer no_spacer\" style=\"top\"><\/div><div class=\"uvc-main-heading ult-responsive\"  data-ultimate-target='.uvc-heading.ultimate-heading-278269e2f7966ec19 h2'  data-responsive-json-new='{\"font-size\":\"\",\"line-height\":\"\"}' ><h2 style=\"--font-weight:theme;margin-bottom:5px;\">Unsere Brosch\u00fcre ist da!<\/h2><\/div><\/div>[vc_column_text css=&#8221;.vc_custom_1757497665862{padding-bottom: 20px !important;}&#8221;]<em>Haarausfall betrifft viele Menschen \u2013 doch die wenigsten sprechen offen dar\u00fcber. Genau deshalb haben wir eine umfassende Brosch\u00fcre erstellt, die dir wertvolles Wissen und Orientierung bietet.<\/em><\/p>\n<p><em>Inhalt der Brosch\u00fcre:<\/em><\/p>\n<ul>\n<li><em>Hintergr\u00fcnde und Ursachen von Haarausfall<\/em><\/li>\n<li><em>Mythen, leere Versprechen &amp; echte Fakten<\/em><\/li>\n<li><em>Medizinische und kosmetische L\u00f6sungsans\u00e4tze<\/em><\/li>\n<li><em>Interview mit der renommierten Expertin Prof. Dr. Natalie Garcia Bartels<\/em><\/li>\n<li><em>Spannende Einblicke in die Geschichte &amp; Bedeutung von Haaren<\/em><\/li>\n<\/ul>\n<p><em>Und das Beste: Du kannst sie <strong>kostenlos downloaden<\/strong> oder dir ganz bequem <strong>gratis nach Hause bestellen<\/strong>!<\/em><\/p>\n<p><em>Hol dir jetzt dein Exemplar und erfahre alles, was du schon immer \u00fcber Haare wissen wolltest.<\/em>[\/vc_column_text]<div class=\" ubtn-ctn-left \"><a class=\"ubtn-link ult-adjust-bottom-margin ubtn-left ubtn-normal \" href=\"https:\/\/haarinstitut-hk.ch\/wp-content\/uploads\/2025\/09\/haarkunft-haarinstitut-boschure.pdf\" target=\"_blank\" rel=\"noopener\" ><button type=\"button\" id=\"ubtn-8133\"  class=\"ubtn ult-adjust-bottom-margin ult-responsive ubtn-normal ubtn-no-hover-bg  none  ubtn-left   tooltip-69e2f7966ec5b\"  data-hover=\"\" data-border-color=\"\" data-bg=\"#ccad6f\" data-hover-bg=\"\" data-border-hover=\"\" data-shadow-hover=\"\" data-shadow-click=\"none\" data-shadow=\"\" data-shd-shadow=\"\"  data-ultimate-target='#ubtn-8133'  data-responsive-json-new='{\"font-size\":\"desktop:16px;\",\"line-height\":\"\"}'  style=\"font-weight:normal;border:none;background: #ccad6f;color: #ffffff;\"><span class=\"ubtn-hover\" style=\"background-color:\"><\/span><span class=\"ubtn-data ubtn-text \" >JETZT BROSCH\u00dcRE HERUNTERLADEN!<\/span><\/button><\/a><\/div>[\/vc_column][vc_column width=&#8221;1\/2&#8243;][vc_empty_space][vc_single_image image=&#8221;3603&#8243; img_size=&#8221;full&#8221; onclick=&#8221;custom_link&#8221; img_link_target=&#8221;_blank&#8221; link=&#8221;https:\/\/haarinstitut-hk.ch\/wp-content\/uploads\/2025\/09\/haarkunft-haarinstitut-boschure.pdf&#8221;][\/vc_column][\/vc_row][vc_row][vc_column][vc_empty_space height=&#8221;80px&#8221;]<div id=\"ultimate-heading-263369e2f7966ed17\" class=\"uvc-heading ult-adjust-bottom-margin ultimate-heading-263369e2f7966ed17 uvc-1257 accent-subtitle-color uvc-heading-default-font-sizes\" data-hspacer=\"no_spacer\"  data-halign=\"center\" style=\"text-align:center\"><div class=\"uvc-heading-spacer no_spacer\" style=\"top\"><\/div><div class=\"uvc-main-heading ult-responsive\"  data-ultimate-target='.uvc-heading.ultimate-heading-263369e2f7966ed17 h2'  data-responsive-json-new='{\"font-size\":\"\",\"line-height\":\"\"}' ><h2 style=\"--font-weight:theme;margin-bottom:5px;\">Lass dir die Brosch\u00fcre gratis nach Hause schicken!<\/h2><\/div><\/div>[vc_column_text]<div id=\"quform-9a0856\" class=\"quform quform-5 quform-support-page-caching\"><form id=\"quform-form-9a0856\" class=\"quform-form quform-form-5\" action=\"\/index.php\/wp-json\/wp\/v2\/pages\/3601#quform-9a0856\" method=\"post\" enctype=\"multipart\/form-data\" novalidate=\"novalidate\" data-options=\"{&quot;id&quot;:5,&quot;uniqueId&quot;:&quot;9a0856&quot;,&quot;theme&quot;:&quot;&quot;,&quot;ajax&quot;:true,&quot;logic&quot;:{&quot;logic&quot;:[],&quot;dependents&quot;:[],&quot;elementIds&quot;:[],&quot;dependentElementIds&quot;:[],&quot;animate&quot;:true},&quot;currentPageId&quot;:1,&quot;errorsIcon&quot;:&quot;&quot;,&quot;updateFancybox&quot;:true,&quot;hasPages&quot;:false,&quot;pages&quot;:[1],&quot;pageProgressType&quot;:&quot;numbers&quot;,&quot;tooltipsEnabled&quot;:true,&quot;tooltipClasses&quot;:&quot;qtip-quform-dark qtip-shadow&quot;,&quot;tooltipMy&quot;:&quot;left center&quot;,&quot;tooltipAt&quot;:&quot;right center&quot;,&quot;isRtl&quot;:false,&quot;scrollOffset&quot;:-50,&quot;scrollSpeed&quot;:800}\"><button class=\"quform-default-submit\" name=\"quform_submit\" type=\"submit\" value=\"submit\"><\/button><div class=\"quform-form-inner quform-form-inner-5\"><input type=\"hidden\" name=\"quform_form_id\" value=\"5\" \/><input type=\"hidden\" name=\"quform_form_uid\" value=\"9a0856\" \/><input type=\"hidden\" name=\"quform_count\" value=\"1\" \/><input type=\"hidden\" name=\"form_url\" value=\"https:\/\/haarinstitut-hk.ch\/index.php\/wp-json\/wp\/v2\/pages\/3601\" \/><input type=\"hidden\" name=\"referring_url\" value=\"\" \/><input type=\"hidden\" name=\"post_id\" value=\"\" \/><input type=\"hidden\" name=\"post_title\" value=\"\" \/><input type=\"hidden\" name=\"quform_current_page_id\" value=\"1\" \/><input type=\"hidden\" name=\"quform_csrf_token\" value=\"6xKYCtm61Y0LatEe8ANjSTdgRjPtgMJRPMs3ekQN\" \/><div class=\"quform-elements quform-elements-5 quform-cf quform-responsive-elements-phone-landscape\"><div class=\"quform-element quform-element-page quform-page-1 quform-page-5_1 quform-cf quform-group-style-plain quform-first-page quform-last-page quform-current-page\"><div class=\"quform-child-elements\"><div class=\"quform-element quform-element-row quform-element-row-5_6 quform-2-columns quform-element-row-size-fixed quform-responsive-columns-phone-landscape\"><div class=\"quform-element quform-element-column quform-element-5_7\"><div class=\"quform-element quform-element-text quform-element-5_3 quform-cf quform-element-required\"><div class=\"quform-spacer\"><div class=\"quform-label quform-label-5_3\"><label class=\"quform-label-text\" for=\"quform_5_3_9a0856\">Vorname<span class=\"quform-required\">*<\/span><\/label><\/div><div class=\"quform-inner quform-inner-text quform-inner-5_3\"><div class=\"quform-input quform-input-text quform-input-5_3 quform-cf\"><input type=\"text\" id=\"quform_5_3_9a0856\" name=\"quform_5_3\" class=\"quform-field quform-field-text quform-field-5_3\" \/><\/div><\/div><\/div><\/div><\/div><div class=\"quform-element quform-element-column quform-element-5_8\"><div class=\"quform-element quform-element-text quform-element-5_4 quform-cf quform-element-required\"><div class=\"quform-spacer\"><div class=\"quform-label quform-label-5_4\"><label class=\"quform-label-text\" for=\"quform_5_4_9a0856\">Name<span class=\"quform-required\">*<\/span><\/label><\/div><div class=\"quform-inner quform-inner-text quform-inner-5_4\"><div class=\"quform-input quform-input-text quform-input-5_4 quform-cf\"><input type=\"text\" id=\"quform_5_4_9a0856\" name=\"quform_5_4\" class=\"quform-field quform-field-text quform-field-5_4\" \/><\/div><\/div><\/div><\/div><\/div><\/div><div class=\"quform-element quform-element-row quform-element-row-5_11 quform-2-columns quform-element-row-size-fixed quform-responsive-columns-phone-landscape\"><div class=\"quform-element quform-element-column quform-element-5_12\"><div class=\"quform-element quform-element-email quform-element-5_5 quform-cf quform-element-required\"><div class=\"quform-spacer\"><div class=\"quform-label quform-label-5_5\"><label class=\"quform-label-text\" for=\"quform_5_5_9a0856\">E-Mail-Adresse<span class=\"quform-required\">*<\/span><\/label><\/div><div class=\"quform-inner quform-inner-email quform-inner-5_5\"><div class=\"quform-input quform-input-email quform-input-5_5 quform-cf\"><input type=\"email\" id=\"quform_5_5_9a0856\" name=\"quform_5_5\" class=\"quform-field quform-field-email quform-field-5_5\" \/><\/div><\/div><\/div><\/div><\/div><div class=\"quform-element quform-element-column quform-element-5_13\"><div class=\"quform-element quform-element-text quform-element-5_14 quform-cf quform-element-required\"><div class=\"quform-spacer\"><div class=\"quform-label quform-label-5_14\"><label class=\"quform-label-text\" for=\"quform_5_14_9a0856\">Telefon<span class=\"quform-required\">*<\/span><\/label><\/div><div class=\"quform-inner quform-inner-text quform-inner-5_14\"><div class=\"quform-input quform-input-text quform-input-5_14 quform-cf\"><input type=\"text\" id=\"quform_5_14_9a0856\" name=\"quform_5_14\" class=\"quform-field quform-field-text quform-field-5_14\" \/><\/div><\/div><\/div><\/div><\/div><\/div><div class=\"quform-element quform-element-row quform-element-row-5_15 quform-2-columns quform-element-row-size-fixed quform-responsive-columns-phone-landscape\"><div class=\"quform-element quform-element-column quform-element-5_20\"><div class=\"quform-element quform-element-text quform-element-5_21 quform-cf quform-element-required\"><div class=\"quform-spacer\"><div class=\"quform-label quform-label-5_21\"><label class=\"quform-label-text\" for=\"quform_5_21_9a0856\">Adresse<span class=\"quform-required\">*<\/span><\/label><\/div><div class=\"quform-inner quform-inner-text quform-inner-5_21\"><div class=\"quform-input quform-input-text quform-input-5_21 quform-cf\"><input type=\"text\" id=\"quform_5_21_9a0856\" name=\"quform_5_21\" class=\"quform-field quform-field-text quform-field-5_21\" \/><\/div><\/div><\/div><\/div><\/div><div class=\"quform-element quform-element-column quform-element-5_17\"><div class=\"quform-element quform-element-text quform-element-5_19 quform-cf quform-element-required\"><div class=\"quform-spacer\"><div class=\"quform-label quform-label-5_19\"><label class=\"quform-label-text\" for=\"quform_5_19_9a0856\">Nr.<span class=\"quform-required\">*<\/span><\/label><\/div><div class=\"quform-inner quform-inner-text quform-inner-5_19\"><div class=\"quform-input quform-input-text quform-input-5_19 quform-cf\"><input type=\"text\" id=\"quform_5_19_9a0856\" name=\"quform_5_19\" class=\"quform-field quform-field-text quform-field-5_19\" \/><\/div><\/div><\/div><\/div><\/div><\/div><div class=\"quform-element quform-element-row quform-element-row-5_22 quform-2-columns quform-element-row-size-fixed quform-responsive-columns-phone-landscape\"><div class=\"quform-element quform-element-column quform-element-5_23\"><div class=\"quform-element quform-element-text quform-element-5_24 quform-cf quform-element-required\"><div class=\"quform-spacer\"><div class=\"quform-label quform-label-5_24\"><label class=\"quform-label-text\" for=\"quform_5_24_9a0856\">PLZ<span class=\"quform-required\">*<\/span><\/label><\/div><div class=\"quform-inner quform-inner-text quform-inner-5_24\"><div class=\"quform-input quform-input-text quform-input-5_24 quform-cf\"><input type=\"text\" id=\"quform_5_24_9a0856\" name=\"quform_5_24\" class=\"quform-field quform-field-text quform-field-5_24\" \/><\/div><\/div><\/div><\/div><\/div><div class=\"quform-element quform-element-column quform-element-5_25\"><div class=\"quform-element quform-element-text quform-element-5_26 quform-cf quform-element-required\"><div class=\"quform-spacer\"><div class=\"quform-label quform-label-5_26\"><label class=\"quform-label-text\" for=\"quform_5_26_9a0856\">Ort<span class=\"quform-required\">*<\/span><\/label><\/div><div class=\"quform-inner quform-inner-text quform-inner-5_26\"><div class=\"quform-input quform-input-text quform-input-5_26 quform-cf\"><input type=\"text\" id=\"quform_5_26_9a0856\" name=\"quform_5_26\" class=\"quform-field quform-field-text quform-field-5_26\" \/><\/div><\/div><\/div><\/div><\/div><\/div><div class=\"quform-element quform-element-submit quform-element-5_2 quform-cf quform-button-style-theme\"><div class=\"quform-button-submit quform-button-submit-default quform-button-submit-5_2\"><button name=\"quform_submit\" type=\"submit\" class=\"quform-submit\" value=\"submit\"><span class=\"quform-button-text quform-button-submit-text\">Absenden<\/span><\/button><\/div><div class=\"quform-loading quform-loading-position-left quform-loading-type-spinner-1\"><div class=\"quform-loading-inner\"><div class=\"quform-loading-spinner\"><div class=\"quform-loading-spinner-inner\"><\/div><\/div><\/div><\/div><\/div><div class=\"quform-element-tree\"><label for=\"quform_5_0_9a0856\">Dieses Feld sollte nicht ausgef\u00fcllt werden<\/label><input type=\"text\" id=\"quform_5_0_9a0856\" name=\"quform_5_0\" class=\"quform-field quform-field-tree quform-field-5_0\" tabindex=\"-1\" autocomplete=\"off\" \/><\/div><\/div><\/div><\/div><\/div><\/form><\/div>[\/vc_column_text][\/vc_column][\/vc_row]<\/p>\n","protected":false},"excerpt":{"rendered":"<p>[vc_row][vc_column width=&#8221;1\/2&#8243;][vc_empty_space][vc_column_text css=&#8221;.vc_custom_1757497665862{padding-bottom: 20px !important;}&#8221;]Haarausfall betrifft viele Menschen \u2013 doch die wenigsten sprechen offen dar\u00fcber. Genau deshalb haben wir eine umfassende Brosch\u00fcre erstellt, die dir wertvolles Wissen und Orientierung bietet. Inhalt der Brosch\u00fcre: Hintergr\u00fcnde und Ursachen von Haarausfall Mythen, leere Versprechen &amp; echte Fakten Medizinische und kosmetische L\u00f6sungsans\u00e4tze Interview mit der renommierten Expertin Prof. Dr.&hellip;<\/p>\n","protected":false},"author":2,"featured_media":0,"parent":0,"menu_order":1,"comment_status":"closed","ping_status":"closed","template":"","meta":[],"_links":{"self":[{"href":"https:\/\/haarinstitut-hk.ch\/index.php\/wp-json\/wp\/v2\/pages\/3601"}],"collection":[{"href":"https:\/\/haarinstitut-hk.ch\/index.php\/wp-json\/wp\/v2\/pages"}],"about":[{"href":"https:\/\/haarinstitut-hk.ch\/index.php\/wp-json\/wp\/v2\/types\/page"}],"author":[{"embeddable":true,"href":"https:\/\/haarinstitut-hk.ch\/index.php\/wp-json\/wp\/v2\/users\/2"}],"replies":[{"embeddable":true,"href":"https:\/\/haarinstitut-hk.ch\/index.php\/wp-json\/wp\/v2\/comments?post=3601"}],"version-history":[{"count":14,"href":"https:\/\/haarinstitut-hk.ch\/index.php\/wp-json\/wp\/v2\/pages\/3601\/revisions"}],"predecessor-version":[{"id":3617,"href":"https:\/\/haarinstitut-hk.ch\/index.php\/wp-json\/wp\/v2\/pages\/3601\/revisions\/3617"}],"wp:attachment":[{"href":"https:\/\/haarinstitut-hk.ch\/index.php\/wp-json\/wp\/v2\/media?parent=3601"}],"curies":[{"name":"wp","href":"https:\/\/api.w.org\/{rel}","templated":true}]}}