{"id":3557,"date":"2024-12-17T11:33:08","date_gmt":"2024-12-17T10:33:08","guid":{"rendered":"https:\/\/haarinstitut-hk.ch\/?page_id=3557"},"modified":"2025-11-26T07:28:59","modified_gmt":"2025-11-26T06:28:59","slug":"erfahrung","status":"publish","type":"page","link":"https:\/\/haarinstitut-hk.ch\/index.php\/erfahrung\/","title":{"rendered":"Erfahrung"},"content":{"rendered":"<p>[vc_row][vc_column width=&#8221;1\/2&#8243;][vc_empty_space]<div id=\"ultimate-heading-541769e2f7bfab0b3\" class=\"uvc-heading ult-adjust-bottom-margin ultimate-heading-541769e2f7bfab0b3 uvc-8901 accent-subtitle-color uvc-heading-default-font-sizes\" data-hspacer=\"no_spacer\"  data-halign=\"left\" style=\"text-align:left\"><div class=\"uvc-heading-spacer no_spacer\" style=\"top\"><\/div><div class=\"uvc-main-heading ult-responsive\"  data-ultimate-target='.uvc-heading.ultimate-heading-541769e2f7bfab0b3 h2'  data-responsive-json-new='{\"font-size\":\"\",\"line-height\":\"\"}' ><h2 style=\"--font-weight:theme;margin-bottom:5px;\">Willkommen beim Haarkunft Haarinstitut! <\/h2><\/div><\/div>[vc_column_text css=&#8221;.vc_custom_1764138536770{padding-bottom: 20px !important;}&#8221;]Die Entscheidung f\u00fcr ein Haarsystem und den passenden Schnitt ist ein grosser Schritt. Wir revolutionieren diesen Prozess! Beim <b>Haarkunft Haarinstitut<\/b> nutzen wir jetzt modernste <b>K\u00fcnstliche Intelligenz (KI)<\/b>, damit Sie Ihre neue Frisur VORHER risikofrei testen k\u00f6nnen \u2013 und das <b>absolut kostenlos<\/b>!<\/p>\n<p>Vereinbaren Sie Ihren <a href=\"https:\/\/haarinstitut-hk.ch\/index.php\/terminanfrage\/\">Termin<\/a>![\/vc_column_text][\/vc_column][vc_column width=&#8221;1\/2&#8243;][vc_empty_space][vc_video link=&#8221;https:\/\/youtube.com\/shorts\/BfOLzSbqoY8?si=hG7T7y2QIyJWK4S9&#8243; el_width=&#8221;80&#8243; align=&#8221;center&#8221;][\/vc_column][\/vc_row][vc_row][vc_column width=&#8221;1\/2&#8243;][vc_empty_space]<div id=\"ultimate-heading-684369e2f7bfab104\" class=\"uvc-heading ult-adjust-bottom-margin ultimate-heading-684369e2f7bfab104 uvc-9469 accent-subtitle-color uvc-heading-default-font-sizes\" data-hspacer=\"no_spacer\"  data-halign=\"left\" style=\"text-align:left\"><div class=\"uvc-heading-spacer no_spacer\" style=\"top\"><\/div><div class=\"uvc-main-heading ult-responsive\"  data-ultimate-target='.uvc-heading.ultimate-heading-684369e2f7bfab104 h2'  data-responsive-json-new='{\"font-size\":\"\",\"line-height\":\"\"}' ><h2 style=\"--font-weight:theme;margin-bottom:5px;\">Haarkunft Haarinstitut-, Efahrung mit Haarersatz<\/h2><\/div><\/div>[vc_column_text css=&#8221;.vc_custom_1594034683731{padding-bottom: 20px !important;}&#8221;]<\/p>\n<p class=\"p1\"><span class=\"yt-core-attributed-string yt-core-attributed-string--white-space-pre-wrap\" dir=\"auto\" role=\"text\"><span class=\"yt-core-attributed-string--link-inherit-color\" dir=\"auto\">Haarkunft im Test: Tibor verr\u00e4t dir alle Details zu seinem neuen Look und gibt wertvolle Tipps.<\/span><\/span><\/p>\n<p class=\"p1\"><span class=\"yt-core-attributed-string yt-core-attributed-string--white-space-pre-wrap\" dir=\"auto\" role=\"text\"><span class=\"yt-core-attributed-string--link-inherit-color\" dir=\"auto\">Haarverlust war f\u00fcr Tibor ein grosses Thema. In diesem Video erz\u00e4hlt er offen und ehrlich von seinen Erfahrungen mit Haarkunft. Er zeigt dir vor und nach Bildern, beantwortet h\u00e4ufig gestellte Fragen und gibt dir einen umfassenden Einblick in den Prozess.<\/span><\/span><\/p>\n<p>Vereinbaren Sie Ihren <a href=\"https:\/\/haarinstitut-hk.ch\/index.php\/terminanfrage\/\">Termin<\/a>![\/vc_column_text][\/vc_column][vc_column width=&#8221;1\/2&#8243;][vc_empty_space][vc_video link=&#8221;https:\/\/www.youtube.com\/watch?v=2evAT_nDcBk&#8221; el_width=&#8221;80&#8243; align=&#8221;center&#8221;][\/vc_column][\/vc_row][vc_row][vc_column width=&#8221;1\/2&#8243;]<div id=\"ultimate-heading-56569e2f7bfab13e\" class=\"uvc-heading ult-adjust-bottom-margin ultimate-heading-56569e2f7bfab13e uvc-4014 accent-subtitle-color uvc-heading-default-font-sizes\" data-hspacer=\"no_spacer\"  data-halign=\"left\" style=\"text-align:left\"><div class=\"uvc-heading-spacer no_spacer\" style=\"top\"><\/div><div class=\"uvc-main-heading ult-responsive\"  data-ultimate-target='.uvc-heading.ultimate-heading-56569e2f7bfab13e h2'  data-responsive-json-new='{\"font-size\":\"\",\"line-height\":\"\"}' ><h2 style=\"--font-weight:theme;margin-bottom:5px;\">4 Jahre Haarersatz: Sandro packt AUS!<\/h2><\/div><\/div>[vc_column_text css=&#8221;.vc_custom_1751864818997{padding-bottom: 20px !important;}&#8221;]<\/p>\n<p class=\"p1\"><span class=\"yt-core-attributed-string yt-core-attributed-string--white-space-pre-wrap\" dir=\"auto\" role=\"text\"><span class=\"yt-core-attributed-string--link-inherit-color\" dir=\"auto\">Willkommen bei Haarkunft! In diesem brandneuen Video teilt Sandro seine komplette und ungeschminkte Erfahrung mit Haarersatz \u00fcber einen Zeitraum von vier Jahren. Er spricht offen \u00fcber alle Details, von der anf\u00e4nglichen Entscheidung \u00fcber die t\u00e4gliche Pflege bis hin zu den Herausforderungen und Vorteilen. Wenn du \u00fcber Haarersatz nachdenkst oder einfach neugierig bist, was es wirklich bedeutet, damit zu leben, dann ist dieses Video ein absolutes MUSS!<\/span><\/span><\/p>\n<p>Vereinbaren Sie Ihren <a href=\"https:\/\/haarinstitut-hk.ch\/index.php\/terminanfrage\/\">Termin<\/a>![\/vc_column_text][\/vc_column][vc_column width=&#8221;1\/2&#8243;][vc_video link=&#8221;https:\/\/www.youtube.com\/watch?v=5gOOCkhl5Xw&#8221; el_width=&#8221;80&#8243; align=&#8221;center&#8221;][\/vc_column][\/vc_row]<\/p>\n","protected":false},"excerpt":{"rendered":"<p>[vc_row][vc_column width=&#8221;1\/2&#8243;][vc_empty_space][vc_column_text css=&#8221;.vc_custom_1764138536770{padding-bottom: 20px !important;}&#8221;]Die Entscheidung f\u00fcr ein Haarsystem und den passenden Schnitt ist ein grosser Schritt. Wir revolutionieren diesen Prozess! Beim Haarkunft Haarinstitut nutzen wir jetzt modernste K\u00fcnstliche Intelligenz (KI), damit Sie Ihre neue Frisur VORHER risikofrei testen k\u00f6nnen \u2013 und das absolut kostenlos! Vereinbaren Sie Ihren Termin![\/vc_column_text][\/vc_column][vc_column width=&#8221;1\/2&#8243;][vc_empty_space][vc_video link=&#8221;https:\/\/youtube.com\/shorts\/BfOLzSbqoY8?si=hG7T7y2QIyJWK4S9&#8243; el_width=&#8221;80&#8243; align=&#8221;center&#8221;][\/vc_column][\/vc_row][vc_row][vc_column width=&#8221;1\/2&#8243;][vc_empty_space][vc_column_text css=&#8221;.vc_custom_1594034683731{padding-bottom:&hellip;<\/p>\n","protected":false},"author":2,"featured_media":0,"parent":0,"menu_order":1,"comment_status":"closed","ping_status":"closed","template":"","meta":[],"_links":{"self":[{"href":"https:\/\/haarinstitut-hk.ch\/index.php\/wp-json\/wp\/v2\/pages\/3557"}],"collection":[{"href":"https:\/\/haarinstitut-hk.ch\/index.php\/wp-json\/wp\/v2\/pages"}],"about":[{"href":"https:\/\/haarinstitut-hk.ch\/index.php\/wp-json\/wp\/v2\/types\/page"}],"author":[{"embeddable":true,"href":"https:\/\/haarinstitut-hk.ch\/index.php\/wp-json\/wp\/v2\/users\/2"}],"replies":[{"embeddable":true,"href":"https:\/\/haarinstitut-hk.ch\/index.php\/wp-json\/wp\/v2\/comments?post=3557"}],"version-history":[{"count":19,"href":"https:\/\/haarinstitut-hk.ch\/index.php\/wp-json\/wp\/v2\/pages\/3557\/revisions"}],"predecessor-version":[{"id":3628,"href":"https:\/\/haarinstitut-hk.ch\/index.php\/wp-json\/wp\/v2\/pages\/3557\/revisions\/3628"}],"wp:attachment":[{"href":"https:\/\/haarinstitut-hk.ch\/index.php\/wp-json\/wp\/v2\/media?parent=3557"}],"curies":[{"name":"wp","href":"https:\/\/api.w.org\/{rel}","templated":true}]}}