{"id":2896,"date":"2020-07-06T11:18:57","date_gmt":"2020-07-06T11:18:57","guid":{"rendered":"https:\/\/haarinstitut-hk.ch\/?page_id=2896"},"modified":"2022-02-26T01:09:12","modified_gmt":"2022-02-26T00:09:12","slug":"angebot","status":"publish","type":"page","link":"https:\/\/haarinstitut-hk.ch\/index.php\/angebot\/","title":{"rendered":"Angebot"},"content":{"rendered":"<p>[vc_row content_placement=&#8221;middle&#8221; css=&#8221;.vc_custom_1594897697336{margin-top: 64px !important;margin-bottom: 32px !important;}&#8221;][vc_column css=&#8221;.vc_custom_1580914536037{padding-bottom: 20px !important;}&#8221; offset=&#8221;vc_col-lg-6 vc_col-md-6&#8243;][vc_row_inner css=&#8221;.vc_custom_1580911022125{padding-right: 15px !important;padding-left: 15px !important;}&#8221;][vc_column_inner css=&#8221;.vc_custom_1580910604398{padding-right: 15px !important;padding-left: 15px !important;}&#8221;][vc_single_image image=&#8221;3013&#8243; img_size=&#8221;full&#8221;][\/vc_column_inner][\/vc_row_inner][\/vc_column][vc_column css=&#8221;.vc_custom_1580914543654{padding-bottom: 30px !important;}&#8221; offset=&#8221;vc_col-lg-6 vc_col-md-6&#8243;]<div id=\"ultimate-heading-47769e2f79606a53\" class=\"uvc-heading ult-adjust-bottom-margin ultimate-heading-47769e2f79606a53 uvc-1601 accent-subtitle-color uvc-heading-default-font-sizes\" data-hspacer=\"no_spacer\"  data-halign=\"left\" style=\"text-align:left\"><div class=\"uvc-heading-spacer no_spacer\" style=\"top\"><\/div><div class=\"uvc-main-heading ult-responsive\"  data-ultimate-target='.uvc-heading.ultimate-heading-47769e2f79606a53 h2'  data-responsive-json-new='{\"font-size\":\"\",\"line-height\":\"\"}' ><h2 style=\"--font-weight:theme;margin-bottom:5px;\">Beste Beratung f\u00fcr Ihr Haarproblem<\/h2><\/div><\/div>[vc_column_text css=&#8221;.vc_custom_1594034564119{padding-bottom: 20px !important;}&#8221;]<\/p>\n<p class=\"p1\"><span class=\"s1\">Haarausfall oder Haarverlust bedeutet f\u00fcr viele Menschen eine grosse seelische Belastung. Das eigene Aussehen wird vielfach als makelhaft, nicht mehr ganz oder un\u00e4sthetisch empfunden \u2013 und dies an \u201eoffensichtlich\u201c exponierter Stelle. H\u00e4ufig werden weniger Haare auch als Zeichen des Alterns gedeutet. Und wer sieht diesen Prozess schon mit Freude! Sind Krankheiten Ursache f\u00fcr den Haarausfall, erinnert jeder Blick in den Spiegel an das eigene Leid.<\/span><\/p>\n<p class=\"p1\"><span class=\"s1\">Warum weisen wir darauf hin? Weil es bei der Beratung zu Haarproblemen um viel mehr geht als darum, eine qualitativ gute und \u00e4sthetisch ansprechende L\u00f6sung f\u00fcr Haarersatz zu finden. Das zweite Haar soll mehr Lebenszufriedenheit, Selbstbewusstsein und die F\u00e4higkeit zur\u00fcckbringen, sich selbst zu akzeptieren. Der Mensch unter dem Haarschopf steht im Mittelpunkt.<\/span><\/p>\n<p>[\/vc_column_text][\/vc_column][\/vc_row][vc_row content_placement=&#8221;middle&#8221; css=&#8221;.vc_custom_1594897720664{margin-top: 32px !important;margin-bottom: 32px !important;}&#8221;][vc_column css=&#8221;.vc_custom_1595929607028{padding-bottom: 20px !important;}&#8221; offset=&#8221;vc_col-lg-6 vc_col-md-6 vc_hidden-sm vc_hidden-xs&#8221;]<div id=\"ultimate-heading-800969e2f79606a92\" class=\"uvc-heading ult-adjust-bottom-margin ultimate-heading-800969e2f79606a92 uvc-3368 accent-subtitle-color uvc-heading-default-font-sizes\" data-hspacer=\"no_spacer\"  data-halign=\"left\" style=\"text-align:left\"><div class=\"uvc-heading-spacer no_spacer\" style=\"top\"><\/div><div class=\"uvc-main-heading ult-responsive\"  data-ultimate-target='.uvc-heading.ultimate-heading-800969e2f79606a92 h2'  data-responsive-json-new='{\"font-size\":\"\",\"line-height\":\"\"}' ><h2 style=\"--font-weight:theme;margin-bottom:5px;\">Mehr als nur Haar-Beratung<\/h2><\/div><\/div>[vc_column_text css=&#8221;.vc_custom_1594034683731{padding-bottom: 20px !important;}&#8221;]<\/p>\n<p class=\"p1\"><span class=\"s1\">Daher ist unsere Beratung auch mehr als eine reine Haar-Beratung. Selbstverst\u00e4ndlich wollen wir f\u00fcr Sie die beste L\u00f6sung finden. Deshalb befassen wir uns mit den Ursachen des Haarverlustes und untersuchen die jeweilige Erscheinungsform des Haarausfalls genau. Aber wenn wir dazu beitragen k\u00f6nnen, dass Sie sich mit unserem Haarersatz richtig wohl f\u00fchlen, sich wieder gerne zeigen oder im Spiegel anschauen m\u00f6gen, dann haben wir unser Ziel erreicht.<\/span><\/p>\n<p class=\"p1\"><span class=\"s1\">Wir beraten Sie individuell, ganz pers\u00f6nlich und in einer angenehmen Atmosph\u00e4re \u2013 in den R\u00e4umlichkeiten unseres Haarinstituts. Wir gehen dabei ganz sensibel auf Ihre spezielle Problematik ein und entwickeln f\u00fcr Sie geeignete L\u00f6sungsvorschl\u00e4ge. Das letzte Wort haben nat\u00fcrlich immer Sie. Haarersatz ist und bleibt Ihre Entscheidung. Aber Sie d\u00fcrfen bei uns sicher sein, dabei stets kompetent, umfassend und ganzheitlich beraten zu sein.<\/span><\/p>\n<p>[\/vc_column_text][\/vc_column][vc_column css=&#8221;.vc_custom_1595929615130{padding-bottom: 30px !important;}&#8221; offset=&#8221;vc_col-lg-6 vc_col-md-6 vc_hidden-sm vc_hidden-xs&#8221;][vc_row_inner css=&#8221;.vc_custom_1580911022125{padding-right: 15px !important;padding-left: 15px !important;}&#8221;][vc_column_inner css=&#8221;.vc_custom_1580910604398{padding-right: 15px !important;padding-left: 15px !important;}&#8221;][vc_single_image image=&#8221;3074&#8243; img_size=&#8221;full&#8221;][\/vc_column_inner][\/vc_row_inner][\/vc_column][\/vc_row][vc_row content_placement=&#8221;middle&#8221; css=&#8221;.vc_custom_1594897720664{margin-top: 32px !important;margin-bottom: 32px !important;}&#8221;][vc_column css=&#8221;.vc_custom_1595929590427{padding-bottom: 20px !important;}&#8221; offset=&#8221;vc_col-lg-6 vc_hidden-lg vc_col-md-6 vc_hidden-md&#8221;][vc_row_inner css=&#8221;.vc_custom_1580911022125{padding-right: 15px !important;padding-left: 15px !important;}&#8221;][vc_column_inner css=&#8221;.vc_custom_1580910604398{padding-right: 15px !important;padding-left: 15px !important;}&#8221;][vc_single_image image=&#8221;3074&#8243; img_size=&#8221;full&#8221;][\/vc_column_inner][\/vc_row_inner][\/vc_column][vc_column css=&#8221;.vc_custom_1595929599260{padding-bottom: 30px !important;}&#8221; offset=&#8221;vc_col-lg-6 vc_hidden-lg vc_col-md-6 vc_hidden-md&#8221;]<div id=\"ultimate-heading-669169e2f79606ac0\" class=\"uvc-heading ult-adjust-bottom-margin ultimate-heading-669169e2f79606ac0 uvc-9650 accent-subtitle-color uvc-heading-default-font-sizes\" data-hspacer=\"no_spacer\"  data-halign=\"left\" style=\"text-align:left\"><div class=\"uvc-heading-spacer no_spacer\" style=\"top\"><\/div><div class=\"uvc-main-heading ult-responsive\"  data-ultimate-target='.uvc-heading.ultimate-heading-669169e2f79606ac0 h2'  data-responsive-json-new='{\"font-size\":\"\",\"line-height\":\"\"}' ><h2 style=\"--font-weight:theme;margin-bottom:5px;\">Mehr als nur Haar-Beratung<\/h2><\/div><\/div>[vc_column_text css=&#8221;.vc_custom_1594034683731{padding-bottom: 20px !important;}&#8221;]<\/p>\n<p class=\"p1\"><span class=\"s1\">Daher ist unsere Beratung auch mehr als eine reine Haar-Beratung. Selbstverst\u00e4ndlich wollen wir f\u00fcr Sie die beste L\u00f6sung finden. Deshalb befassen wir uns mit den Ursachen des Haarverlustes und untersuchen die jeweilige Erscheinungsform des Haarausfalls genau. Aber wenn wir dazu beitragen k\u00f6nnen, dass Sie sich mit unserem Haarersatz richtig wohl f\u00fchlen, sich wieder gerne zeigen oder im Spiegel anschauen m\u00f6gen, dann haben wir unser Ziel erreicht.<\/span><\/p>\n<p class=\"p1\"><span class=\"s1\">Wir beraten Sie individuell, ganz pers\u00f6nlich und in einer angenehmen Atmosph\u00e4re \u2013 in den R\u00e4umlichkeiten unseres Haarinstituts. Wir gehen dabei ganz sensibel auf Ihre spezielle Problematik ein und entwickeln f\u00fcr Sie geeignete L\u00f6sungsvorschl\u00e4ge. Das letzte Wort haben nat\u00fcrlich immer Sie. Haarersatz ist und bleibt Ihre Entscheidung. Aber Sie d\u00fcrfen bei uns sicher sein, dabei stets kompetent, umfassend und ganzheitlich beraten zu sein.<\/span><\/p>\n<p>[\/vc_column_text][\/vc_column][\/vc_row][vc_row content_placement=&#8221;middle&#8221; css=&#8221;.vc_custom_1594032810522{margin-top: 32px !important;margin-bottom: 32px !important;}&#8221;][vc_column css=&#8221;.vc_custom_1580914536037{padding-bottom: 20px !important;}&#8221; offset=&#8221;vc_col-lg-6 vc_col-md-6&#8243;]<div class=\"ult-new-ib ult-ib-effect-style10  ult-ib-resp   vc_custom_1594896994595\" data-min-width=\"768\" data-max-width=\"900\" style=\"background:#0c0c0c;\" data-opacity=\"0.8\" data-hover-opacity=\"0.7\" ><img class=\"ult-new-ib-img\" style=\"opacity:0.8;\" alt=\"null\" src=\"https:\/\/haarinstitut-hk.ch\/wp-content\/uploads\/2020\/07\/haarkunftswiss-startseite-kategorie-frauen-scaled.jpg\"   \/><div id=\"interactive-banner-wrap-3409\" class=\"ult-new-ib-desc\" style=\"\"><h2 class=\"ult-new-ib-title ult-responsive\"  data-ultimate-target='#interactive-banner-wrap-3409 .ult-new-ib-title'  data-responsive-json-new='{\"font-size\":\"desktop:24px;\",\"line-height\":\"desktop:34px;\"}'  style=\"font-weight:normal;color:#ffffff;\">Individuell angefertigter Haarersatz f\u00fcr Frauen<\/h2><div class=\"ult-new-ib-content ult-responsive\"  data-ultimate-target='#interactive-banner-wrap-3409 .ult-new-ib-content'  data-responsive-json-new='{\"font-size\":\"desktop:24px;\",\"line-height\":\"desktop:34px;\"}'  style=\"font-weight:normal;color:#ccad6f;\"><p>MEHR ERFAHREN<\/p><\/div><\/div><a class=\"ult-new-ib-link\" href=\"https:\/\/haarinstitut-hk.ch\/index.php\/angebot\/angebot-fuer-frauen\/\" title=\"Frauen\"  ><\/a><\/div><script type=\"text\/javascript\">\n\t\t\t(function($){\n\t\t\t\t$(document).ready(function(){\n\t\t\t\t\t$(\".ult-new-ib\").css(\"opacity\",\"1\");\n\t\t\t\t});\n\t\t\t})(jQuery);\n\t\t\t<\/script>[\/vc_column][vc_column css=&#8221;.vc_custom_1580914543654{padding-bottom: 30px !important;}&#8221; offset=&#8221;vc_col-lg-6 vc_col-md-6&#8243;]<div class=\"ult-new-ib ult-ib-effect-style10  ult-ib-resp   vc_custom_1594897017115\" data-min-width=\"768\" data-max-width=\"900\" style=\"background:#0c0c0c;\" data-opacity=\"0.8\" data-hover-opacity=\"0.7\" ><img class=\"ult-new-ib-img\" style=\"opacity:0.8;\" alt=\"null\" src=\"https:\/\/haarinstitut-hk.ch\/wp-content\/uploads\/2020\/07\/haarkunftswiss-startseite-kategorie-maenner-scaled.jpg\"   \/><div id=\"interactive-banner-wrap-4367\" class=\"ult-new-ib-desc\" style=\"\"><h2 class=\"ult-new-ib-title ult-responsive\"  data-ultimate-target='#interactive-banner-wrap-4367 .ult-new-ib-title'  data-responsive-json-new='{\"font-size\":\"desktop:24px;\",\"line-height\":\"desktop:34px;\"}'  style=\"font-weight:normal;color:#ffffff;\">Individuell angefertigter Haarersatz f\u00fcr M\u00e4nner<\/h2><div class=\"ult-new-ib-content ult-responsive\"  data-ultimate-target='#interactive-banner-wrap-4367 .ult-new-ib-content'  data-responsive-json-new='{\"font-size\":\"desktop:24px;\",\"line-height\":\"desktop:34px;\"}'  style=\"font-weight:normal;color:#ccad6f;\"><p>MEHR ERFAHREN<\/p><\/div><\/div><a class=\"ult-new-ib-link\" href=\"https:\/\/haarinstitut-hk.ch\/index.php\/angebot\/angebot-fuer-maenner\/\" title=\"M\u00e4nner\"  ><\/a><\/div><script type=\"text\/javascript\">\n\t\t\t(function($){\n\t\t\t\t$(document).ready(function(){\n\t\t\t\t\t$(\".ult-new-ib\").css(\"opacity\",\"1\");\n\t\t\t\t});\n\t\t\t})(jQuery);\n\t\t\t<\/script>[\/vc_column][\/vc_row][vc_row full_width=&#8221;stretch_row_content_no_spaces&#8221; equal_height=&#8221;yes&#8221; content_placement=&#8221;middle&#8221; css_animation=&#8221;none&#8221; disable_element=&#8221;yes&#8221; css=&#8221;.vc_custom_1594900462521{padding-bottom: 60px !important;}&#8221;][vc_column css_animation=&#8221;appear&#8221; width=&#8221;2\/3&#8243;][vc_row_inner equal_height=&#8221;yes&#8221; content_placement=&#8221;middle&#8221; css=&#8221;.vc_custom_1594028088864{padding-top: 30px !important;padding-right: 30px !important;padding-bottom: 50px !important;padding-left: 30px !important;background-color: #c31d33 !important;}&#8221;][vc_column_inner]<div id=\"ultimate-heading-230969e2f79606ecd\" class=\"uvc-heading ult-adjust-bottom-margin ultimate-heading-230969e2f79606ecd uvc-5876 \" data-hspacer=\"no_spacer\"  data-halign=\"center\" style=\"text-align:center\"><div class=\"uvc-heading-spacer no_spacer\" style=\"top\"><\/div><div class=\"uvc-main-heading ult-responsive\"  data-ultimate-target='.uvc-heading.ultimate-heading-230969e2f79606ecd h3'  data-responsive-json-new='{\"font-size\":\"desktop:60px;tablet:50px;tablet_portrait:40px;mobile:30px;\",\"line-height\":\"desktop:64px;tablet:54px;tablet_portrait:44px;mobile:34px;\"}' ><h3 style=\"font-weight:bold;color:#ffffff;\">Am Anfang Ihres Erfolgs steht der pers\u00f6nliche Austausch.<\/h3><\/div><\/div>[\/vc_column_inner][\/vc_row_inner][\/vc_column][vc_column css_animation=&#8221;appear&#8221; width=&#8221;1\/3&#8243; css=&#8221;.vc_custom_1594028164777{background-image: url(https:\/\/haarinstitut-hk.ch\/wp-content\/uploads\/2020\/07\/haarkunft-alt-8.jpeg?id=2845) !important;background-position: center !important;background-repeat: no-repeat !important;background-size: cover !important;}&#8221;]<div class=\" vc_custom_1594044055261 ubtn-ctn-center anchor-link\"><a class=\"ubtn-link ult-adjust-bottom-margin ubtn-center ubtn-custom anchor-link\" href=\"https:\/\/haarinstitut-hk.ch\/index.php\/kontakt\/\" title=\"Kontakt\" ><button type=\"button\" id=\"ubtn-9481\"  class=\"ubtn ult-adjust-bottom-margin ult-responsive ubtn-custom ubtn-no-hover-bg  none  ubtn-center   tooltip-69e2f79606efa\"  data-hover=\"rgba(255,255,255,0.9)\" data-border-color=\"\" data-bg=\"\" data-hover-bg=\"\" data-border-hover=\"\" data-shadow-hover=\"\" data-shadow-click=\"none\" data-shadow=\"\" data-shd-shadow=\"\"  data-ultimate-target='#ubtn-9481'  data-responsive-json-new='{\"font-size\":\"desktop:34px;tablet:24px;\",\"line-height\":\"desktop:40px;tablet:30px;\"}'  style=\"font-family:&#039;Poppins&#039;;font-weight:normal;font-style:normal;width:px;min-height:px;padding:30px 10px;border:none;color: #ffffff;\"><span class=\"ubtn-hover\" style=\"background-color:\"><\/span><span class=\"ubtn-data ubtn-text \" >JETZT KONTAKT AUFNEHMEN<\/span><\/button><\/a><\/div>[\/vc_column][\/vc_row][vc_row][vc_column]\n            <div \n                class=\"elfsight-widget-whatsapp-chat elfsight-widget\" \n                data-elfsight-whatsapp-chat-options=\"%7B%22phone%22%3A%22%2B41797700066%22%2C%22bubbleIcon%22%3A%22whatsapp-chat%22%2C%22bubbleText%22%3A%22%22%2C%22picture%22%3A%22custom%22%2C%22pictureLibrary%22%3A%7B%22name%22%3A%22Abdullah%20Hadley%22%2C%22email%22%3A%22abdullah.hadley%40gmail.com%22%2C%22position%22%3A%22Lead%20Developer%22%2C%22photo%22%3A%22https%3A%5C%2F%5C%2Fimages.unsplash.com%5C%2Fphoto-1507003211169-0a1dd7228f2d%3Fixlib%3Drb-0.3.5%26q%3D80%26fm%3Djpg%26crop%3Dentropy%26cs%3Dtinysrgb%26w%3D200%26fit%3Dmax%26s%3Da72ca28288878f8404a795f39642a46f%22%7D%2C%22pictureCustom%22%3A%22https%3A%5C%2F%5C%2Fhaarinstitut-hk.ch%5C%2Fwp-content%5C%2Fuploads%5C%2F2020%5C%2F07%5C%2Fhaarkunft-logo-weiss%404x.png%22%2C%22name%22%3A%22HaarKunft%22%2C%22nameCaptionType%22%3A%22custom%22%2C%22nameCaptionReplyTime%22%3A%22Typically%20replies%20within%20a%20day%22%2C%22nameCaptionCustom%22%3A%22Swiss%20Haarinstitut%22%2C%22welcomeMessage%22%3A%22Hallo%20%3F%3Cbr%3E%3Cbr%3Ewie%20k%5Cu00f6nnen%20wir%20Ihnen%20weiterhelfen%3F%22%2C%22buttonText%22%3A%22Jetzt%20Chat%20starten%22%2C%22buttonIconVisible%22%3Atrue%2C%22position%22%3A%22floating%22%2C%22align%22%3A%22right%22%2C%22whereToDisplayChat%22%3A%22allPages%22%2C%22excludedPages%22%3A%5B%5D%2C%22specificPages%22%3A%5B%5D%2C%22devicesToDisplay%22%3A%5B%22desktop%22%2C%22mobile%22%5D%2C%22showChatTo%22%3A%22allVisitors%22%2C%22displayDays%22%3A%5B0%2C1%2C2%2C3%2C4%2C5%2C6%5D%2C%22timeSchedule%22%3Afalse%2C%22displayStartTime%22%3A%2200%3A00%22%2C%22displayEndTime%22%3A%2200%3A00%22%2C%22timeOnPage%22%3A0%2C%22timeOnSite%22%3A0%2C%22scrollPosition%22%3A0%2C%22exiIntent%22%3Atrue%2C%22notifications%22%3A%5B%22bubbleBadge%22%2C%22tabTitle%22%5D%2C%22headerBackgroundColor%22%3A%22rgb%289%2C%2094%2C%2084%29%22%2C%22buttonColor%22%3A%22rgb%2879%2C%20206%2C%2093%29%22%2C%22bubbleBackgroundColor%22%3A%22rgb%28255%2C%20255%2C%20255%29%22%2C%22bubbleIconColor%22%3A%22rgb%2879%2C%20206%2C%2093%29%22%2C%22buttonBorderRadius%22%3A18%2C%22widgetId%22%3A%221%22%7D\" \n                data-elfsight-whatsapp-chat-version=\"1.1.0\"\n                data-elfsight-widget-id=\"elfsight-whatsapp-chat-1\">\n            <\/div>\n            [\/vc_column][\/vc_row][vc_row][vc_column width=&#8221;1\/3&#8243;]<div class=\"ult_pricing_table_wrap ult_design_5  ult-cs-custom  \">\n\t\t\t\t\t<div class=\"ult_pricing_table \" style=\"background:#000000;color:#ffffff;\"><div id=\"price-table-wrap-6956\" class=\"ult_pricing_heading\" style=\"background:#dd9933;\">\n\t\t\t\t\t\t\t<h3 class=\"price-heading ult-responsive cust-headformat\"  data-ultimate-target='#price-table-wrap-6956 .cust-headformat'  data-responsive-json-new='{\"font-size\":\"\",\"line-height\":\"\"}'  style=\"font-weight:normal;\">HK HAIR TO GO BUNDLE<\/h3><\/div><!--ult_pricing_heading--><div class=\"ult_price_body_block\" style=\"background:#dd9933;\">\n\t\t\t\t\t\t\t<div class=\"ult_price_body\">\n\t\t\t\t\t\t\t\t<div id=\"price-table-wrap-4683\"  class=\"ult_price\">\n\t\t\t\t\t\t\t\t\t<span  data-ultimate-target='#price-table-wrap-4683 .ult_price_figure'  data-responsive-json-new='{\"font-size\":\"\",\"line-height\":\"\"}'  class=\"ult_price_figure ult-responsive\" style=\"font-weight:normal;\">CHF 450.- \/Mt.<\/span>\n\t\t\t\t\t\t\t\t\t<span  data-ultimate-target='#price-table-wrap-4683 .ult_price_term'  data-responsive-json-new='{\"font-size\":\"\",\"line-height\":\"\"}'  class=\"ult_price_term ult-responsive\" style=\"font-weight:normal;\"><\/span>\n\t\t\t\t\t\t\t\t<\/div>\n\t\t\t\t\t\t\t<\/div>\n\t\t\t\t\t\t<\/div><!--ult_price_body_block--><div id=\"price-table-features-wrap-8439\" class=\"ult_price_features ult-responsive\"  data-ultimate-target='#price-table-features-wrap-8439'  data-responsive-json-new='{\"font-size\":\"\",\"line-height\":\"\"}'  style=\"font-weight:normal;\">\n\t\t\t\t\t\t\t<ul>\n<li>1 HK Hair to Go System<\/li>\n<li>2 Pflegen im Monat<\/li>\n<li>1 Jahr Garantie + CHF 500.- (optional)<\/li>\n<\/ul>\n\n\t\t\t\t\t\t<\/div><!--ult_price_features--><div id=\"price-table-button-wrap-3307\" class=\"ult_price_link\">\n\t\t\t\t\t\t\t<a  data-ultimate-target='#price-table-button-wrap-3307 .ult_price_action_button'  data-responsive-json-new='{\"font-size\":\"\",\"line-height\":\"\"}'  href=\"https:\/\/haarinstitut-hk.ch\/index.php\/kontakt\/\" title=\"Jetzt Beratung Buchen\"  class=\"ult_price_action_button ult-responsive\" style=\"background:#dd9933; font-weight:normal;\">Beratung buchen<\/a>\n\t\t\t\t\t\t<\/div><!--ult_price_link--><div class=\"ult_clr\"><\/div>\n\t\t\t<\/div><!--pricing_table-->\n\t\t<\/div><!--pricing_table_wrap-->[\/vc_column][vc_column width=&#8221;1\/3&#8243;]<div class=\"ult_pricing_table_wrap ult_design_5  ult-cs-custom  \">\n\t\t\t\t\t<div class=\"ult_pricing_table \" style=\"background:#000000;color:#ffffff;\"><div id=\"price-table-wrap-2252\" class=\"ult_pricing_heading\" style=\"background:#dd9933;\">\n\t\t\t\t\t\t\t<h3 class=\"price-heading ult-responsive cust-headformat\"  data-ultimate-target='#price-table-wrap-2252 .cust-headformat'  data-responsive-json-new='{\"font-size\":\"\",\"line-height\":\"\"}'  style=\"font-weight:normal;\">HK HAIR TO GO EINZELN<\/h3><\/div><!--ult_pricing_heading--><div class=\"ult_price_body_block\" style=\"background:#dd9933;\">\n\t\t\t\t\t\t\t<div class=\"ult_price_body\">\n\t\t\t\t\t\t\t\t<div id=\"price-table-wrap-5169\"  class=\"ult_price\">\n\t\t\t\t\t\t\t\t\t<span  data-ultimate-target='#price-table-wrap-5169 .ult_price_figure'  data-responsive-json-new='{\"font-size\":\"\",\"line-height\":\"\"}'  class=\"ult_price_figure ult-responsive\" style=\"font-weight:normal;\">CHF 2200.-  \/ Einmalig<\/span>\n\t\t\t\t\t\t\t\t\t<span  data-ultimate-target='#price-table-wrap-5169 .ult_price_term'  data-responsive-json-new='{\"font-size\":\"\",\"line-height\":\"\"}'  class=\"ult_price_term ult-responsive\" style=\"font-weight:normal;\"><\/span>\n\t\t\t\t\t\t\t\t<\/div>\n\t\t\t\t\t\t\t<\/div>\n\t\t\t\t\t\t<\/div><!--ult_price_body_block--><div id=\"price-table-features-wrap-5197\" class=\"ult_price_features ult-responsive\"  data-ultimate-target='#price-table-features-wrap-5197'  data-responsive-json-new='{\"font-size\":\"\",\"line-height\":\"\"}'  style=\"font-weight:normal;\">\n\t\t\t\t\t\t\t<ul>\n<li>1 HK Hair to Go System<\/li>\n<li>1 Jahr Garantie + CHF 500.- (optional)<\/li>\n<li>Sofortige Verf\u00fcgbarkeit<\/li>\n<\/ul>\n\n\t\t\t\t\t\t<\/div><!--ult_price_features--><div id=\"price-table-button-wrap-8513\" class=\"ult_price_link\">\n\t\t\t\t\t\t\t<a  data-ultimate-target='#price-table-button-wrap-8513 .ult_price_action_button'  data-responsive-json-new='{\"font-size\":\"\",\"line-height\":\"\"}'  href=\"https:\/\/haarinstitut-hk.ch\/index.php\/kontakt\/\" title=\"Jetzt Beratung Buchen\"  class=\"ult_price_action_button ult-responsive\" style=\"background:#dd9933; font-weight:normal;\">Beratung buchen<\/a>\n\t\t\t\t\t\t<\/div><!--ult_price_link--><div class=\"ult_clr\"><\/div>\n\t\t\t<\/div><!--pricing_table-->\n\t\t<\/div><!--pricing_table_wrap-->[\/vc_column][vc_column width=&#8221;1\/3&#8243;]<div class=\"ult_pricing_table_wrap ult_design_5  ult-cs-custom  \">\n\t\t\t\t\t<div class=\"ult_pricing_table \" style=\"background:#000000;color:#ffffff;\"><div id=\"price-table-wrap-6757\" class=\"ult_pricing_heading\" style=\"background:#dd9933;\">\n\t\t\t\t\t\t\t<h3 class=\"price-heading ult-responsive cust-headformat\"  data-ultimate-target='#price-table-wrap-6757 .cust-headformat'  data-responsive-json-new='{\"font-size\":\"\",\"line-height\":\"\"}'  style=\"font-weight:normal;\">HK INDIVIDUELL HAARSYSTEM<\/h3><\/div><!--ult_pricing_heading--><div class=\"ult_price_body_block\" style=\"background:#dd9933;\">\n\t\t\t\t\t\t\t<div class=\"ult_price_body\">\n\t\t\t\t\t\t\t\t<div id=\"price-table-wrap-7635\"  class=\"ult_price\">\n\t\t\t\t\t\t\t\t\t<span  data-ultimate-target='#price-table-wrap-7635 .ult_price_figure'  data-responsive-json-new='{\"font-size\":\"\",\"line-height\":\"\"}'  class=\"ult_price_figure ult-responsive\" style=\"font-weight:normal;\">ab CHF 5500.-  \/ Einmalig<\/span>\n\t\t\t\t\t\t\t\t\t<span  data-ultimate-target='#price-table-wrap-7635 .ult_price_term'  data-responsive-json-new='{\"font-size\":\"\",\"line-height\":\"\"}'  class=\"ult_price_term ult-responsive\" style=\"font-weight:normal;\"><\/span>\n\t\t\t\t\t\t\t\t<\/div>\n\t\t\t\t\t\t\t<\/div>\n\t\t\t\t\t\t<\/div><!--ult_price_body_block--><div id=\"price-table-features-wrap-7043\" class=\"ult_price_features ult-responsive\"  data-ultimate-target='#price-table-features-wrap-7043'  data-responsive-json-new='{\"font-size\":\"\",\"line-height\":\"\"}'  style=\"font-weight:normal;\">\n\t\t\t\t\t\t\t<ul>\n<li>2 HK individuell Haarsystem<\/li>\n<li>6 Monate Garantie<\/li>\n<li>2 Jahre Lebensdauer<\/li>\n<\/ul>\n\n\t\t\t\t\t\t<\/div><!--ult_price_features--><div id=\"price-table-button-wrap-1827\" class=\"ult_price_link\">\n\t\t\t\t\t\t\t<a  data-ultimate-target='#price-table-button-wrap-1827 .ult_price_action_button'  data-responsive-json-new='{\"font-size\":\"\",\"line-height\":\"\"}'  href=\"https:\/\/haarinstitut-hk.ch\/index.php\/kontakt\/\" title=\"Jetzt Beratung Buchen\"  class=\"ult_price_action_button ult-responsive\" style=\"background:#dd9933; font-weight:normal;\">Beratung buchen<\/a>\n\t\t\t\t\t\t<\/div><!--ult_price_link--><div class=\"ult_clr\"><\/div>\n\t\t\t<\/div><!--pricing_table-->\n\t\t<\/div><!--pricing_table_wrap-->[\/vc_column][\/vc_row]<\/p>\n","protected":false},"excerpt":{"rendered":"<p>[vc_row content_placement=&#8221;middle&#8221; css=&#8221;.vc_custom_1594897697336{margin-top: 64px !important;margin-bottom: 32px !important;}&#8221;][vc_column css=&#8221;.vc_custom_1580914536037{padding-bottom: 20px !important;}&#8221; offset=&#8221;vc_col-lg-6 vc_col-md-6&#8243;][vc_row_inner css=&#8221;.vc_custom_1580911022125{padding-right: 15px !important;padding-left: 15px !important;}&#8221;][vc_column_inner css=&#8221;.vc_custom_1580910604398{padding-right: 15px !important;padding-left: 15px !important;}&#8221;][vc_single_image image=&#8221;3013&#8243; img_size=&#8221;full&#8221;][\/vc_column_inner][\/vc_row_inner][\/vc_column][vc_column css=&#8221;.vc_custom_1580914543654{padding-bottom: 30px !important;}&#8221; offset=&#8221;vc_col-lg-6 vc_col-md-6&#8243;][vc_column_text css=&#8221;.vc_custom_1594034564119{padding-bottom: 20px !important;}&#8221;] Haarausfall oder Haarverlust bedeutet f\u00fcr viele Menschen eine grosse seelische Belastung. Das eigene Aussehen wird vielfach als makelhaft, nicht mehr ganz oder un\u00e4sthetisch&hellip;<\/p>\n","protected":false},"author":2,"featured_media":0,"parent":0,"menu_order":1,"comment_status":"closed","ping_status":"closed","template":"","meta":[],"_links":{"self":[{"href":"https:\/\/haarinstitut-hk.ch\/index.php\/wp-json\/wp\/v2\/pages\/2896"}],"collection":[{"href":"https:\/\/haarinstitut-hk.ch\/index.php\/wp-json\/wp\/v2\/pages"}],"about":[{"href":"https:\/\/haarinstitut-hk.ch\/index.php\/wp-json\/wp\/v2\/types\/page"}],"author":[{"embeddable":true,"href":"https:\/\/haarinstitut-hk.ch\/index.php\/wp-json\/wp\/v2\/users\/2"}],"replies":[{"embeddable":true,"href":"https:\/\/haarinstitut-hk.ch\/index.php\/wp-json\/wp\/v2\/comments?post=2896"}],"version-history":[{"count":30,"href":"https:\/\/haarinstitut-hk.ch\/index.php\/wp-json\/wp\/v2\/pages\/2896\/revisions"}],"predecessor-version":[{"id":3346,"href":"https:\/\/haarinstitut-hk.ch\/index.php\/wp-json\/wp\/v2\/pages\/2896\/revisions\/3346"}],"wp:attachment":[{"href":"https:\/\/haarinstitut-hk.ch\/index.php\/wp-json\/wp\/v2\/media?parent=2896"}],"curies":[{"name":"wp","href":"https:\/\/api.w.org\/{rel}","templated":true}]}}